{"id":54,"date":"2019-02-27T05:59:44","date_gmt":"2019-02-27T05:59:44","guid":{"rendered":"https:\/\/juhosankamo.fi\/web\/wordpress\/?page_id=54"},"modified":"2022-06-29T14:37:12","modified_gmt":"2022-06-29T14:37:12","slug":"julkaisut","status":"publish","type":"page","link":"https:\/\/juhosankamo.fi\/web\/wordpress\/?page_id=54","title":{"rendered":"Julkaisuja"},"content":{"rendered":"\n<figure class=\"wp-block-image size-full\"><img loading=\"lazy\" decoding=\"async\" width=\"1483\" height=\"1073\" src=\"https:\/\/juhosankamo.fi\/web\/wordpress\/wp-content\/uploads\/2022\/06\/Ebal_UusiTie_2022-1.jpg\" alt=\"\" class=\"wp-image-382\"\/><figcaption>Uusi tie 18\/2022, julkaistu 6.5.2022<\/figcaption><\/figure>\n\n\n\n<figure class=\"wp-block-image size-full\"><img loading=\"lazy\" decoding=\"async\" width=\"1485\" height=\"1075\" src=\"https:\/\/juhosankamo.fi\/web\/wordpress\/wp-content\/uploads\/2022\/06\/Sefela_UusiTie_2022.jpg\" alt=\"\" class=\"wp-image-383\"\/><figcaption>Uusi tie 2\/22, julkaistu 13.1.2022<\/figcaption><\/figure>\n\n\n\n<p>Alla olevia kirjoja voi ostaa suoraan minulta. Laita viesti\u00e4 tai soita, niin tehd\u00e4\u00e4n kaupat. <a href=\"https:\/\/juhosankamo.fi\/web\/wordpress\/juho-sankamo\/\">Ota yhteytt\u00e4<\/a>.<\/p>\n\n\n\n<h3 class=\"wp-block-heading\">Taivasolento &#8211; kirja ihmisest\u00e4<\/h3>\n\n\n\n<div class=\"wp-block-media-text alignwide is-stacked-on-mobile\"><figure class=\"wp-block-media-text__media\"><img decoding=\"async\" src=\"https:\/\/juhosankamo.fi\/web\/wordpress\/wp-content\/uploads\/2021\/07\/Taivasolento-kansi-2.jpg\" alt=\"\" class=\"wp-image-187 size-full\"\/><\/figure><div class=\"wp-block-media-text__content\">\n<p>Uusin kirjani k\u00e4sittelee ihmist\u00e4 Jumalan kuvana sek\u00e4 ihmisen\u00e4 olemisen haasteita ja mahdollisuuksia.<\/p>\n\n\n\n<p><a href=\"http:\/\/www.reijotelaranta.fi\/kirjablogi_kristilliset_kirjat\/aikajarjestyksessa\/juho_sankamo_taivasolento_kirja_ihmisesta\/\">T\u00e4\u00e4lt\u00e4<\/a> l\u00f6yd\u00e4t arvostelun Taivasolennosta.<\/p>\n<\/div><\/div>\n\n\n\n<h3 class=\"wp-block-heading\">Alkukirkon salaisuus &#8211; kovasti kehuttu<\/h3>\n\n\n\n<div class=\"wp-block-media-text alignwide is-stacked-on-mobile\" style=\"grid-template-columns:37% auto\"><figure class=\"wp-block-media-text__media\"><img loading=\"lazy\" decoding=\"async\" width=\"213\" height=\"346\" src=\"https:\/\/juhosankamo.fi\/web\/wordpress\/wp-content\/uploads\/2019\/02\/Alkukirkon_salaisuus.jpg\" alt=\"\" class=\"wp-image-55 size-full\" srcset=\"https:\/\/juhosankamo.fi\/web\/wordpress\/wp-content\/uploads\/2019\/02\/Alkukirkon_salaisuus.jpg 213w, https:\/\/juhosankamo.fi\/web\/wordpress\/wp-content\/uploads\/2019\/02\/Alkukirkon_salaisuus-185x300.jpg 185w\" sizes=\"auto, (max-width: 213px) 85vw, 213px\" \/><\/figure><div class=\"wp-block-media-text__content\">\n<p>\u201dKirkosta kirjoittaessani kirjoitan Jumalan perhev\u00e4est\u00e4, jonka poika olen, kirjoitan kansasta, johon kuulun, kirjoitan ruumista, jossa olen j\u00e4senen\u00e4, kirjoitan laumasta, jossa olen lampaana. En kirjoita ulkopuolisena tarkkailijana vaan sis\u00e4piiril\u00e4isen\u00e4, jolle t\u00e4m\u00e4 n\u00e4kyv\u00e4 ja n\u00e4kym\u00e4t\u00f6n, yksi, pyh\u00e4, apostolinen ja katolinen kirkko, Kristuksen kirkko, on valtavan rakas ja v\u00e4ltt\u00e4m\u00e4tt\u00f6m\u00e4n t\u00e4rke\u00e4.\u201d<\/p>\n\n\n\n<p>T\u00e4ss\u00e4 kirjassa selvit\u00e4n Kristuksen kirkon syntyj\u00e4 syvi\u00e4 ja perusteita, joiden varaan my\u00f6s t\u00e4m\u00e4n p\u00e4iv\u00e4n kirkollinen el\u00e4m\u00e4 rakentuu.<\/p>\n\n\n\n<p>Lue <a href=\"http:\/\/www.reijotelaranta.fi\/kirjablogi_kristilliset_kirjat\/aikajarjestyksessa\/juho_sankamo_alkukirkon_salaisuus\/\">t\u00e4st\u00e4 kirja-arvostelu<\/a>.<\/p>\n<\/div><\/div>\n\n\n\n<h3 class=\"wp-block-heading\">Israelin kuninkaiden maailma &#8211; loistava kirja<\/h3>\n\n\n\n<div class=\"wp-block-media-text alignwide is-stacked-on-mobile\" style=\"grid-template-columns:38% auto\"><figure class=\"wp-block-media-text__media\"><img loading=\"lazy\" decoding=\"async\" width=\"220\" height=\"346\" src=\"https:\/\/juhosankamo.fi\/web\/wordpress\/wp-content\/uploads\/2019\/02\/Israelin_kuninkaiden_maailma.jpg\" alt=\"\" class=\"wp-image-56 size-full\" srcset=\"https:\/\/juhosankamo.fi\/web\/wordpress\/wp-content\/uploads\/2019\/02\/Israelin_kuninkaiden_maailma.jpg 220w, https:\/\/juhosankamo.fi\/web\/wordpress\/wp-content\/uploads\/2019\/02\/Israelin_kuninkaiden_maailma-191x300.jpg 191w\" sizes=\"auto, (max-width: 220px) 85vw, 220px\" \/><\/figure><div class=\"wp-block-media-text__content\">\n<p>Vuoden kristillinen kirja 2016 -finalisti<\/p>\n\n\n\n<p>Israelin 400-vuotinen kuningashistoria kiit\u00e4\u00e4 halki j\u00e4nnitt\u00e4vien aikojen. V\u00e4lill\u00e4 uppoudutaan profeettojen julistukseen. Toisinaan luetaan Assyrian sotakertomuksia rintarinnan Kuninkaiden kirjojen kanssa. Israelin arkeologiset l\u00f6yd\u00f6t saavat historian el\u00e4m\u00e4\u00e4n, kivet huutamaan. Kirjassa k\u00e4yd\u00e4\u00e4n l\u00e4pi kaikki kuningashistorian t\u00e4rkeimm\u00e4t arkeologiset l\u00f6yd\u00f6t. Kuninkaiden maailma ei ole yksipuolinen, vaan se on sidottu profeettojen julistukseen, hovin el\u00e4m\u00e4\u00e4n, aikansa suurvaltojen kamppailuihin maailman herruudesta ja Jumalan suureen pelastussuunnitelmaan.<\/p>\n\n\n\n<p>Lue <a href=\"https:\/\/www.dropbox.com\/s\/fhgvbpa9gh2zam6\/IKM%20Laato%20arvostelu.jpg?dl=0\">kirja-arvostelu t\u00e4\u00e4lt\u00e4<\/a>.<\/p>\n<\/div><\/div>\n\n\n\n<h3 class=\"wp-block-heading\">Henkivallat<\/h3>\n\n\n\n<div class=\"wp-block-media-text alignwide is-stacked-on-mobile\" style=\"grid-template-columns:34% auto\"><figure class=\"wp-block-media-text__media\"><img loading=\"lazy\" decoding=\"async\" width=\"231\" height=\"346\" src=\"https:\/\/juhosankamo.fi\/web\/wordpress\/wp-content\/uploads\/2019\/02\/Henkivallat.jpg\" alt=\"\" class=\"wp-image-57 size-full\" srcset=\"https:\/\/juhosankamo.fi\/web\/wordpress\/wp-content\/uploads\/2019\/02\/Henkivallat.jpg 231w, https:\/\/juhosankamo.fi\/web\/wordpress\/wp-content\/uploads\/2019\/02\/Henkivallat-200x300.jpg 200w\" sizes=\"auto, (max-width: 231px) 85vw, 231px\" \/><\/figure><div class=\"wp-block-media-text__content\">\n<p>Raamatun kansien v\u00e4list\u00e4 avautuu n\u00e4kym\u00e4 lumoavaan henkien maailmaan. Niin ensimm\u00e4isill\u00e4 kuin viimeisill\u00e4kin sivuilla kohdataan Jumalan palvelijoita, kuten enkeleit\u00e4 ja kerubeja, mutta my\u00f6s h\u00e4nen vihollisiaan, pimeyden joukkoja, Saatana ja h\u00e4nen enkelins\u00e4.<\/p>\n\n\n\n<p class=\"has-text-align-left\">Varhaiset kristityt tunnustivat kokonaisen henkimaailman olemassaolon mutta sitoutuivat my\u00f6s siihen uskoon, ett\u00e4 Jumala on yksi ja ainut. Heid\u00e4n ajatteluunsa vaikutti erityisesti juutalaisuus. Toisaalta he olivat my\u00f6s voimakkaasti kosketuksissa ei-juutalaiseen maailmaan.&nbsp; Kristittyjen k\u00e4sitykset henkivalloista johtivat k\u00e4yt\u00e4nn\u00f6n ratkaisuihin esimerkiksi koskien sit\u00e4, miten k\u00e4ytt\u00e4yty\u00e4 jumalanpalveluksessa ja miten el\u00e4\u00e4 pakanallisen kulttuurin keskell\u00e4.<\/p>\n\n\n\n<p>Lue <a href=\"http:\/\/www.reijotelaranta.fi\/kirjablogi_kristilliset_kirjat\/aikajarjestyksessa\/juha_sankamo_tata_on_kristinusko_henkivallat\/\">t\u00e4st\u00e4 kirja-arvio.<\/a><\/p>\n<\/div><\/div>\n","protected":false},"excerpt":{"rendered":"<p>Alla olevia kirjoja voi ostaa suoraan minulta. Laita viesti\u00e4 tai soita, niin tehd\u00e4\u00e4n kaupat. Ota yhteytt\u00e4. Taivasolento &#8211; kirja ihmisest\u00e4 Uusin kirjani k\u00e4sittelee ihmist\u00e4 Jumalan kuvana sek\u00e4 ihmisen\u00e4 olemisen haasteita ja mahdollisuuksia. T\u00e4\u00e4lt\u00e4 l\u00f6yd\u00e4t arvostelun Taivasolennosta. Alkukirkon salaisuus &#8211; kovasti kehuttu \u201dKirkosta kirjoittaessani kirjoitan Jumalan perhev\u00e4est\u00e4, jonka poika olen, kirjoitan kansasta, johon kuulun, kirjoitan ruumista, &hellip; <a href=\"https:\/\/juhosankamo.fi\/web\/wordpress\/?page_id=54\" class=\"more-link\">Continue reading<span class=\"screen-reader-text\"> &#8220;Julkaisuja&#8221;<\/span><\/a><\/p>\n","protected":false},"author":1,"featured_media":0,"parent":0,"menu_order":0,"comment_status":"closed","ping_status":"closed","template":"","meta":{"footnotes":""},"class_list":["post-54","page","type-page","status-publish","hentry"],"_links":{"self":[{"href":"https:\/\/juhosankamo.fi\/web\/wordpress\/index.php?rest_route=\/wp\/v2\/pages\/54","targetHints":{"allow":["GET"]}}],"collection":[{"href":"https:\/\/juhosankamo.fi\/web\/wordpress\/index.php?rest_route=\/wp\/v2\/pages"}],"about":[{"href":"https:\/\/juhosankamo.fi\/web\/wordpress\/index.php?rest_route=\/wp\/v2\/types\/page"}],"author":[{"embeddable":true,"href":"https:\/\/juhosankamo.fi\/web\/wordpress\/index.php?rest_route=\/wp\/v2\/users\/1"}],"replies":[{"embeddable":true,"href":"https:\/\/juhosankamo.fi\/web\/wordpress\/index.php?rest_route=%2Fwp%2Fv2%2Fcomments&post=54"}],"version-history":[{"count":15,"href":"https:\/\/juhosankamo.fi\/web\/wordpress\/index.php?rest_route=\/wp\/v2\/pages\/54\/revisions"}],"predecessor-version":[{"id":384,"href":"https:\/\/juhosankamo.fi\/web\/wordpress\/index.php?rest_route=\/wp\/v2\/pages\/54\/revisions\/384"}],"wp:attachment":[{"href":"https:\/\/juhosankamo.fi\/web\/wordpress\/index.php?rest_route=%2Fwp%2Fv2%2Fmedia&parent=54"}],"curies":[{"name":"wp","href":"https:\/\/api.w.org\/{rel}","templated":true}]}}